/(-9) + 88/132. Calculate the greatest common divisor of d and v.
30
Let h be 0 + (-15)/6*-2. Suppose 24 = -d - 3*c, 2*d - h*c = -0*c - 4. Let k = d + 23. Calculate the highest common factor of 121 and k.
11
Let o be (8/(-24) + 0)/((-1)/144). Calculate the greatest common factor of o and 4656.
48
Let j be -2 + 1 - -2 - -2. Suppose j*x + 5*l = 37, -2*l - 6 = -7*x + 3*x. Let c = 15 - 5. What is the highest common factor of c and x?
2
Suppose 0 = 9*s + 426 - 1479. What is the greatest common factor of 13 and s?
13
Let l(f) = f**2 + 2*f + 31. Let k be l(-8). Let y = k + -71. What is the highest common factor of 1 and y?
1
Let v be 82 - -122 - (13 + -1). What is the greatest common divisor of 1088 and v?
64
Let h(d) = d**3 + 5*d**2 - 4*d + 21. Let c be h(-6). Calculate the highest common factor of c and 477.
9
Let i be (-1)/2*-2*4. Let j(s) = -6*s + s - i*s - 8*s**2 + 2*s - s**3 - 2. Let r be j(-8). What is the greatest common factor of r and 27?
27
Let y = -358 + 220. Let b = 141 - y. Suppose 225 + b = 4*z. What is the highest common factor of z and 14?
14
Let n(l) = -5*l**2 - 108*l + 58. Let z be n(-22). Calculate the highest common factor of 2786 and z.
14
Suppose -20 - 8 = -r - 2*g, 3*g + 63 = 2*r. Let a = -10 + r. What is the highest common divisor of 40 and a?
20
Let k be 1156/306 - (-4)/18. What is the greatest common divisor of k and 34?
2
Let u(q) = -6*q**3 - 6*q**2 - 14*q + 7. Let l be u(-4). What is the greatest common divisor of l and 27?
27
Suppose r - 12 = 15. Suppose -9 = 3*w + 3*s, w - 3*w - 16 = 4*s. Suppose 3*l - w = 7. Calculate the highest common factor of l and r.
3
Let m = -26 + 158. Calculate the greatest common factor of m and 99.
33
Let r be ((-4 - 0) + (-141)/(-6))/((-3)/(-6)). Suppose -2*f - 3*f = -1365. Calculate the highest common factor of r and f.
39
Let w be 12/8 + (-3)/6. Let y be (-2 + (2 - w))*-7. Suppose 3*l - 79 = -y. Calculate the greatest common factor of 60 and l.
12
Let g(o) = -21*o**3 + o. Let x be g(-1). Let j be (12/(-9)*1 - -2) + 19228/138. What is the greatest common factor of x and j?
20
Let a be 2 + 16/(-9) + 2014/171. Let z = -12 + 24. What is the highest common divisor of z and a?
12
Let i = -108 - -218. Suppose -140 = -7*m - 70. Calculate the highest common factor of i and m.
10
Let g(t) = t**2 + 6*t + 3. Let d be g(-5). Let s(v) be the first derivative of -5*v**2 - v - 26. Let m be s(d). What is the greatest common divisor of 19 and m?
19
Suppose -a - s + 2 = 2*s, 4*a - 38 = 3*s. Suppose 0 = 4*l + j - 60, 5*l - 18*j + 14*j = 96. Calculate the highest common divisor of l and a.
8
Let r = 20 - 18. Suppose -r*v - 17 = -3*v. What is the greatest common divisor of v and 17?
17
Let j = -1109 + 1145. Suppose -4*k + 4 + 4 = 0. Suppose j = k*m - m. What is the highest common divisor of 4 and m?
4
Let c = -1 + 4. Suppose t = -c*d + 48, -231 = -5*t + d - 7. Suppose -4*o = -4*f + 132, 5*o = 2*f + f - 105. Calculate the greatest common divisor of t and f.
15
Let o(v) = -v**3 - 8*v**2 + 20*v + 2. Let b be o(-10). Suppose 22 = 5*d - 68. What is the highest common factor of b and d?
2
Suppose -6 = -2*s, -2*l = l - 2*s. Suppose x + 3*x = -5*c + 28, -40 = -5*x - 5*c. Let b = x - 4. Calculate the greatest common factor of b and l.
2
Let o be 2164/((1 - 2) + 2). Let h be 9/21 + o/14. Suppose 4 = 2*x, -x = 6*p - 2*p - 126. Calculate the greatest common factor of p and h.
31
Let l(q) = q**3 + 7*q**2 - 6*q - 20. Let t be l(-7). Suppose 21*c - t*c = -42. What is the highest common factor of c and 6?
6
Suppose 3*b = 2*s - 29, -18 = -4*s + 2*b + 20. Suppose 6*r + 48 = s*r. Calculate the greatest common factor of r and 32.
16
Let i = 13 - 9. Suppose -i*s - 17 + 1 = -4*w, w - 3*s = -2. What is the greatest common divisor of 21 and w?
7
Let g be 6/(-2)*5*-1. Let o be -2 + -12*(-7)/14. Suppose 3*q - 50 = d - 2*d, o*d = 5*q - 55. What is the greatest common divisor of q and g?
15
Let x(h) = -2*h**2 + 19*h - 2*h**2 + 4*h**2 - 6 - h**2. Let f be x(18). What is the greatest common factor of f and 132?
12
Let n be (-4)/(-5) + 5150/125. Calculate the greatest common divisor of n and 63.
21
Let z(f) = -3*f + 74. Let r be z(19). Suppose 6*n - 4*n - 238 = 0. What is the greatest common factor of r and n?
17
Suppose -v + 2*p + 17 = 0, v - 6*v + 57 = 4*p. Suppose 8*a + 16 = 4*a. Let t be a/18*-6*78. Calculate the highest common divisor of t and v.
13
Let n = 963 - 928. Let t = 7 - 2. Calculate the greatest common divisor of n and t.
5
Suppose 0 = -2*x - 4 + 44. Let z = -16 + x. Let d = 1 + z. Calculate the greatest common factor of d and 30.
5
Let o be 8/(-24) - 14/(-6). Let q be -4 + 2 + o - -28. Calculate the greatest common factor of 308 and q.
28
Let z(y) be the first derivative of 7/2*y**2 + 1/3*y**3 + y + 5. Let d be z(-9). What is the highest common divisor of d and 19?
19
Suppose -c = -3*i - 331, -4*i + 5*c - 57 = 388. Let y = -100 - i. What is the highest common factor of y and 260?
10
Let i(m) = 6*m - 45. Let b be i(8). Suppose 2*h + h - 6 = 0, -4*h + 470 = b*s. Let n = -15 - -29. What is the highest common divisor of s and n?
14
Suppose c + 2 = -1. Let i be -1*(1 + -59 + c). Suppose f - 4*r - 62 - 9 = 0, -f = r - i. What is the highest common factor of f and 21?
21
Suppose 2*u = 5*q - 241, 5*u = -2*q - 0*q + 108. Let f = -31 + q. What is the highest common divisor of f and 81?
9
Suppose -4 = 2*y - 8. Suppose m - y*m + 10 = 0. Suppose q = -g, -5*g - 4*q + 2 + 3 = 0. Calculate the highest common divisor of g and m.
5
Suppose -44*v = -34*v - 2600. What is the greatest common divisor of 65 and v?
65
Let p = 843 - 836. What is the highest common factor of p and 448?
7
Suppose -1016*i = -1011*i - 170. What is the greatest common divisor of i and 221?
17
Let d = -71 + 122. Suppose 6*q - d = 147. Calculate the greatest common factor of 132 and q.
33
Let m(q) = -4*q + 5. Let v be m(2). Let z be 69/v + (-2)/(-1). Let o = z + 26. What is the highest common factor of o and 15?
5
Let s(b) = 28*b - 1. Let z(k) = 28*k - 1. Let x(i) = -4*s(i) + 3*z(i). Let w be x(-2). Let h = w + -38. What is the greatest common divisor of 209 and h?
19
Suppose -1 = -a - 2*i + 81, -a = -3*i - 107. Suppose -4*l - a = -3*r, -2*r - 2*r - 2*l = -86. What is the highest common factor of r and 264?
24
Suppose 2*m + 0*f - 88 = -2*f, 0 = -5*m + 2*f + 220. Suppose -3*u + 75 + 115 = 4*x, -4*x = -u + 74. Calculate the greatest common divisor of m and u.
22
Let r be (-3)/2*8/(-3). Let o(j) = -j**2 + 10*j. Let d be o(10). Let t be (-3)/(1 + d) + 5 - 1. What is the highest common factor of r and t?
1
Suppose -7*p + 335 = -71. Calculate the greatest common factor of p and 638.
58
Let u = -3344 - -6564. What is the greatest common factor of 35 and u?
35
Let x = 1 - -11. Let y = 785 + -677. What is the greatest common divisor of y and x?
12
Let c = 16 + -4. Let b = 2 + 46. Calculate the greatest common factor of b and c.
12
Let q = -95 - -172. What is the greatest common divisor of q and 33?
11
Let v be -3*-1*(-4)/3. Let c(o) = -3*o**3 - 6*o**2 - 4*o + 7. Let t be c(v). Calculate the greatest common factor of t and 17.
17
Suppose -3*t + 64 = -t - 3*l, 0 = 2*t + 2*l - 54. Let r = 18 - 13. Suppose -3*i = -15, f - 315 = -f - r*i. What is the highest common factor of f and t?
29
Let w(u) = u**3 - 5*u**2 - 8. Suppose 30 = 3*g - 2*v, -3*v = -g - g + 25. Let s be w(g). Calculate the greatest common divisor of s and 23.
23
Suppose 17*i - 270 = -66. Calculate the highest common factor of 30 and i.
6
Suppose 0*d - 2*d = -98. Let z = 83 + 358. What is the greatest common factor of z and d?
49
Suppose 0 = -4*u + 5*a - 36, 0 = -2*u - u + 3*a - 27. Let b = -6 - u. Suppose 3*c - 9 = -g - 0*g, -5*g - 6 = -2*c. What is the highest common factor of c and b?
3
Suppose -c + m = -176, 4*c - 156 = 3*c - 3*m. Calculate the greatest common factor of 9 and c.
9
Let n = 8 - 6. Suppose -m = n*v - 9, m + 3*v + 14 = 2*m. Calculate the greatest common factor of 33 and m.
11
Let m = 747 + -187. Suppose 3*r - 1144 = -r + 2*y, -2*r + 4*y + m = 0. Calculate the highest common divisor of r and 36.
36
Suppose -2*z + 3*z = 15. Let c be -4 - (-18)/(-18)*(-1 - 18). What is the greatest common divisor of c and z?
15
Suppose 3*g = 58 - 151. Let t = g + 65. What is the highest common factor of 17 and t?
17
Suppo